vide 254446?
False
Is 122 a factor of 528669?
False
Is 88732 a multiple of 19?
False
Is 508813 a multiple of 6?
False
Does 27 divide 1338390?
True
Does 9 divide 7883?
False
Is 2864341 a multiple of 9?
False
Is 56 a factor of 981677?
False
Is 167090 a multiple of 35?
True
Is 2418095 a multiple of 21?
False
Does 3 divide 10252?
False
Is 25 a factor of 380725?
True
Is 67 a factor of 49539?
False
Is 12 a factor of 2740872?
True
Is 1230387 a multiple of 9?
False
Is 1621806 a multiple of 6?
True
Is 82855 a multiple of 73?
True
Is 950137 a multiple of 487?
True
Does 2 divide 196569?
False
Is 324847 a multiple of 2?
False
Is 960 a factor of 1855819?
False
Is 470 a factor of 224148?
False
Does 6 divide 1241532?
True
Is 887817 a multiple of 469?
True
Is 325666 a multiple of 22?
True
Is 9690084 a multiple of 18?
True
Is 31 a factor of 1995160?
True
Does 140 divide 380414?
False
Is 13 a factor of 105771?
False
Is 88916 even?
True
Is 9741690 a multiple of 42?
True
Is 52167 a multiple of 62?
False
Does 70 divide 21491?
False
Is 100929 a multiple of 17?
True
Is 19 a factor of 58035?
False
Is 1687560 a multiple of 56?
True
Does 69 divide 973530?
False
Does 51 divide 6638365?
False
Is 20 a factor of 449392?
False
Does 17 divide 328763?
True
Is 328 a factor of 1734836?
False
Does 169 divide 139219?
False
Does 7 divide 2981447?
True
Is 107999 a multiple of 114?
False
Does 461 divide 3125279?
False
Is 153 a factor of 9939622?
False
Is 790120 a multiple of 10?
True
Is 19 a factor of 28264?
False
Does 25 divide 307275?
True
Is 3035866 a multiple of 378?
False
Is 101943 a multiple of 723?
True
Does 27 divide 100265?
False
Does 35 divide 304045?
True
Is 1924804 a multiple of 14?
True
Does 67 divide 141702?
False
Is 3611880 a multiple of 72?
True
Is 376880 a multiple of 112?
True
Is 85860 a multiple of 20?
True
Is 2 a factor of 8924?
True
Is 6 a factor of 534216?
True
Does 166 divide 454921?
False
Does 6 divide 1472012?
False
Is 5 a factor of 441978?
False
Does 155 divide 152738?
False
Does 106 divide 3021212?
True
Does 54 divide 249966?
True
Is 17 a factor of 72046?
True
Is 1577511 a multiple of 97?
True
Does 26 divide 14278?
False
Is 825 a factor of 10266096?
False
Is 19635 a multiple of 43?
False
Is 313731 a multiple of 33?
True
Does 9 divide 54891?
True
Is 742971 a multiple of 138?
False
Is 71 a factor of 4081932?
True
Is 404 a factor of 91919?
False
Is 199430 a multiple of 14?
True
Is 37555 a multiple of 7?
True
Is 24 a factor of 184130?
False
Does 50 divide 905907?
False
Is 484452 a multiple of 6?
True
Does 1062 divide 10244052?
True
Does 225 divide 8954012?
False
Is 290693 a multiple of 13?
True
Is 20379059 a multiple of 114?
False
Is 11 a factor of 1548118?
True
Is 4151925 a multiple of 75?
True
Does 13 divide 251379?
False
Does 8 divide 3603513?
False
Is 469 a factor of 15946?
True
Is 27820 a multiple of 23?
False
Is 729323 a multiple of 301?
True
Does 26 divide 3195608?
True
Is 117 a factor of 5260086?
True
Is 17 a factor of 797861?
True
Is 20 a factor of 439020?
True
Is 55 a factor of 7173106?
False
Is 2838390 a multiple of 193?
False
Does 6 divide 5593939?
False
Is 389159 a multiple of 6?
False
Does 69 divide 19780?
False
Is 4574820 a multiple of 190?
True
Does 35 divide 23555?
True
Does 31 divide 196636?
False
Does 73 divide 12236980?
False
Does 15 divide 2281875?
True
Does 135 divide 308882?
False
Is 159437 a multiple of 470?
False
Is 23 a factor of 272161?
False
Does 877 divide 2365269?
True
Is 17 a factor of 33320?
True
Is 125 a factor of 16234125?
True
Does 62 divide 240436?
True
Is 4992 a multiple of 24?
True
Is 16 a factor of 770656?
True
Is 1361376 a multiple of 87?
True
Does 351 divide 198315?
True
Is 2356310 a multiple of 31?
True
Does 135 divide 1223387?
False
Does 15 divide 6383250?
True
Is 82656 a multiple of 18?
True
Is 233677 a multiple of 53?
True
Is 22 a factor of 19015612?
True
Does 24 divide 3071160?
True
Is 9096297 a multiple of 79?
True
Is 193 a factor of 1522932?
False
Is 54 a factor of 43406?
False
Does 40 divide 108640?
True
Does 12 divide 84108?
True
Is 456241 a multiple of 273?
False
Does 46 divide 807646?
False
Is 52171 a multiple of 29?
True
Is 859732 a multiple of 157?
True
Is 6 a factor of 3803?
False
Is 768208 a multiple of 152?
True
Is 1365156 a multiple of 53?
False
Does 82 divide 143582?
True
Is 264980 a multiple of 18?
False
Is 18 a factor of 61405?
False
Does 434 divide 2309314?
True
Is 263700 a multiple of 12?
True
Is 223584 a multiple of 24?
True
Is 57 a factor of 167338?
False
Is 982890 a multiple of 335?
True
Does 187 divide 1711138?
False
Is 14 a factor of 27239?
False
Does 9 divide 251253?
True
Is 2544314 a multiple of 7?
False
Does 5 divide 27846?
False
Does 57 divide 447197?
False
Is 43784 a multiple of 4?
True
Is 11159928 a multiple of 36?
True
Does 85 divide 523867?
False
Is 801606 a multiple of 7?
False
Does 12 divide 5519327?
False
Does 21 divide 355859?
False
Does 135 divide 3897585?
True
Does 11 divide 934527?
True
Does 107 divide 41343?
False
Is 102 a factor of 3790932?
True
Is 8836782 a multiple of 79?
True
Does 57 divide 368974?
False
Is 57296 a multiple of 14?
False
Is 221460 a multiple of 9?
False
Is 15843754 a multiple of 28?
False
Is 173 a factor of 4123541?
False
Is 19629 a multiple of 5?
False
Is 774 a factor of 1291735?
False
Is 150 a factor of 503018?
False
Is 81 a factor of 8746730?
False
Is 110 a factor of 4790830?
True
Does 51 divide 13724676?
False
Does 211 divide 324518?
True
Is 272 a factor of 497216?
True
Is 10 a factor of 579702?
False
Is 8 a factor of 1275161?
False
Is 287870 a multiple of 52?
False
Is 256952 a multiple of 33?
False
Is 22 a factor of 379829?
False
Is 133884 a multiple of 2?
True
Does 44 divide 439208?
True
Is 570723 a multiple of 63?
False
Does 72 divide 241344?
True
Is 499 a factor of 72854?
True
Does 91 divide 165893?
True
Is 1019518 a multiple of 276?
False
Is 5896795 a multiple of 184?
False
Is 249 a factor of 16171305?
True
Is 258934 a multiple of 311?
False
Is 2491 a multiple of 3?
False
Is 144243 a multiple of 360?
False
Is 201762 a multiple of 3?
True
Is 249567 a multiple of 9?
False
Is 9 a factor of 307586?
False
Is 132986 a multiple of 14?
True
Is 9289670 a multiple of 68?
False
Is 183 a factor of 715896?
True
Is 16 a factor of 829092?
False
Is 50875 even?
False
Is 66 a factor of 264349?
False
Is 442855 a multiple of 7?
True
Does 47 divide 535894?
True
Is 394688 a multiple of 32?
True
Does 78 divide 1669061?
False
Is 8 a factor of 29180?
False
Does 448 divide 14985926?
False
Is 1128498 a multiple of 42?
True
Is 58 a factor of 354814?
False
Is 958920 a multiple of 122?
True
Is 55 a factor of 260920?
True
Does 113 divide 1847776?
True
Does 12 divide 14112?
True
Does 32 divide 1109118?
False
Is 187959 a multiple of 19?
False
Is 15 a factor of 2513962?
False
Is 76700 a multiple of 4?
True
Does 3 divide 108381?
True
Is 316 a factor of 848073?
False
Does 192 divide 5821248?
True
Is 643 a factor of 8011137?
True
Is 975787 a multiple of 422?
False
Is 1000353 a multiple of 18?
False
Is 736 a factor of 6500397?
False
Is 64722 a multiple of 14?
True
Is 2192226 a multiple of 1080?
False
Is 141868 a multiple of 16?
False
Does 9 divide 337203?
True
Does 2 divide 1389537?
False
Is 49205 a multiple of 140?
False
Is 25 a factor of 2964325?
True
Is 72 a factor of 17037?
False
Does 12 divide 29037?
False
Is 65 a factor of 4916053?
False
Is 117101 a multiple of 99?
False
Is 18 a factor of 275544?
True
Does 46 divide 638111?
False
Is 522 a factor of 307075?
False
Is 50 a factor of 606045?
False
Is 152 a factor of 536412?
False
Does 29 divide 531048?
True
Is 43 a factor of 6930845?
False
Is 6269744 a multiple of 16?
True
Is 6 a factor of 110022?
True
Is 96996 a multiple of 411?
True
Is 9 a factor of 209583?
True
Does 8 divide 10085?
False
Is 2149268 a multiple of 44?
True
Is 1272325 a multiple of 25?
True
Is 56409 a multiple of 10?
False
Does 21 divide 549780?
True
Is 129 a factor of 604365?
True
Is 14081 a multiple of 5?
False
Is 14 a factor of 9903486?
False
Is 60 a factor of 727620?
True
Is 8408680 a multiple of 11?
False
Is 156418 a multiple of 5?
False
Is 20016528 a multiple of 28?
True
Is 355387 a multiple of 6?
False
Is 27 a factor of 2138?
False
Does 84 divide 1242360?
